
False
Is 58147 a prime number?
True
Is 67261 composite?
False
Is 1055 a composite number?
True
Is 17623 a prime number?
True
Is 615074 a composite number?
True
Is 40043 a composite number?
True
Is 3453 a prime number?
False
Is 447893 prime?
True
Is 212757 composite?
True
Is 62209 prime?
False
Is 507779 prime?
True
Is 1041203 composite?
False
Is 29117 prime?
False
Is 396757 composite?
True
Is 437773 composite?
True
Is 1709 a prime number?
True
Is 1015309 a prime number?
True
Is 13799 a prime number?
True
Is 427297 a prime number?
False
Is 753 a prime number?
False
Is 1058077 a composite number?
False
Is 26131 a composite number?
True
Is 58711 composite?
False
Is 14197 a prime number?
True
Is 19631 a prime number?
False
Is 646609 prime?
True
Is 332561 composite?
False
Is 9349 a composite number?
False
Is 1535 prime?
False
Is 381167 composite?
False
Is 186841 a composite number?
False
Is 34433 a prime number?
False
Is 191 composite?
False
Is 739 prime?
True
Is 1723231 a prime number?
True
Is 17337 composite?
True
Is 4271 a composite number?
False
Is 6947 prime?
True
Is 8069 composite?
False
Is 139577 prime?
False
Is 119423 a composite number?
True
Is 138907 a composite number?
True
Is 521 prime?
True
Is 410783 a composite number?
False
Is 12443 prime?
False
Is 2271 prime?
False
Is 246049 a prime number?
True
Is 991571 a composite number?
True
Is 34201 prime?
False
Is 50113 a composite number?
True
Is 19597 prime?
True
Is 2477381 a prime number?
True
Is 78521 composite?
True
Is 1081 composite?
True
Is 47597 a composite number?
True
Is 494389 a prime number?
False
Is 31957 a composite number?
False
Is 100183 a prime number?
True
Is 924601 composite?
False
Is 1709 prime?
True
Is 35677 a prime number?
True
Is 2088217 a composite number?
False
Is 442747 composite?
False
Is 9754 prime?
False
Is 1236139 composite?
True
Is 99067 a composite number?
True
Is 1526113 prime?
False
Is 7033 a composite number?
True
Is 2743 a composite number?
True
Is 93047 prime?
True
Is 18134 prime?
False
Is 411717 composite?
True
Is 99005 a prime number?
False
Is 2047 prime?
False
Is 16129 a composite number?
True
Is 2333 a composite number?
False
Is 16259 prime?
False
Is 108761 a prime number?
True
Is 1282057 composite?
True
Is 11657 prime?
True
Is 8441 composite?
True
Is 398393 a composite number?
False
Is 10097 a composite number?
True
Is 1193081 a composite number?
False
Is 10603 composite?
True
Is 254593 a prime number?
True
Is 519257 a prime number?
True
Is 1402 a prime number?
False
Is 91837 a prime number?
True
Is 108611 composite?
True
Is 459749 composite?
False
Is 162803 composite?
True
Is 402401 composite?
True
Is 176069 a composite number?
True
Is 1674011 a composite number?
False
Is 7807 composite?
True
Is 1122505 a composite number?
True
Is 657187 composite?
False
Is 110509 composite?
True
Is 505249 a composite number?
True
Is 313843 a prime number?
False
Is 47221 composite?
False
Is 39313 composite?
False
Is 20005 a prime number?
False
Is 28051 a composite number?
False
Is 14743 a composite number?
True
Is 2183 a composite number?
True
Is 575179 a prime number?
False
Is 129595 a prime number?
False
Is 97919 a composite number?
False
Is 35099 a prime number?
True
Is 637909 a prime number?
True
Is 695677 a prime number?
True
Is 1801 prime?
True
Is 6247 a prime number?
True
Is 191993 a prime number?
False
Is 49733 prime?
False
Is 184231 composite?
False
Is 328147 a prime number?
False
Is 96341 prime?
False
Is 7993 composite?
False
Is 8903 composite?
True
Is 41333 a composite number?
False
Is 3163863 prime?
False
Is 10687 prime?
True
Is 35933 a composite number?
False
Is 8077 prime?
False
Is 20561 a prime number?
False
Is 135385 a composite number?
True
Is 2323 a prime number?
False
Is 74653 a composite number?
False
Is 32909 a prime number?
True
Is 293 prime?
True
Is 9337 a composite number?
False
Is 20681 a composite number?
False
Is 55799 composite?
False
Is 4085489 a prime number?
True
Is 8353 a prime number?
True
Is 45949 prime?
True
Is 19841 composite?
False
Is 9277 a prime number?
True
Is 3622 composite?
True
Is 155677 composite?
True
Is 2063 a composite number?
False
Is 818971 composite?
True
Is 723157 a composite number?
False
Is 267937 a prime number?
False
Is 52051 composite?
False
Is 44097 a composite number?
True
Is 14813 a prime number?
True
Is 326437 a composite number?
False
Is 96377 a prime number?
True
Is 17002 composite?
True
Is 1135 a prime number?
False
Is 753 a prime number?
False
Is 128633 a prime number?
False
Is 14813 prime?
True
Is 104147 a prime number?
True
Is 880651 a prime number?
False
Is 79582 prime?
False
Is 3506719 composite?
False
Is 70289 a prime number?
True
Is 7789 composite?
False
Is 711947 a composite number?
False
Is 80119 a prime number?
False
Is 19801 composite?
False
Is 20707 composite?
False
Is 55619 a prime number?
True
Is 790547 a prime number?
True
Is 15661 a composite number?
False
Is 27662 a prime number?
False
Is 86023 a composite number?
True
Is 133795 a prime number?
False
Is 21421 a composite number?
True
Is 5431 a composite number?
False
Is 892679 a composite number?
True
Is 86743 a composite number?
False
Is 225143 prime?
True
Is 180413 composite?
False
Is 2751857 a prime number?
True
Is 13835 a prime number?
False
Is 390914 a prime number?
False
Is 7321 a prime number?
True
Is 538183 a composite number?
True
Is 27923 a composite number?
True
Is 61223 a prime number?
True
Is 233561 prime?
False
Is 8663 a composite number?
False
Is 87895 a composite number?
True
Is 22469 a prime number?
True
Is 9229 a prime number?
False
Is 673327 composite?
False
Is 41383 prime?
False
Is 536785 composite?
True
Is 118381 composite?
True
Is 106199 prime?
False
Is 1604521 composite?
False
Is 162113 composite?
True
Is 253429 composite?
True
Is 2207 a composite number?
False
Is 289909 a composite number?
True
Is 117509 prime?
False
Is 14867 composite?
False
Is 654491 a composite number?
False
Is 1097773 a prime number?
False
Is 180571 a prime number?
False
Is 21377 composite?
False
Is 263873 composite?
True
Is 77281 a prime number?
False
Is 248621 prime?
True
Is 480127 a prime number?
False
Is 395209 a prime number?
False
Is 933463 prime?
True
Is 798085 prime?
False
Is 17203 a prime number?
True
Is 116299 composite?
True
Is 2519 prime?
False
Is 24031 a prime number?
False
Is 70043 a composite number?
True
Is 145 prime?
False
Is 66571 a prime number?
True
Is 36583 a composite number?
False
Is 217391 a prime number?
False
Is 762739 a composite number?
True
Is 108587 composite?
False
Is 68591 a composite number?
True
Is 379759 a composite number?
True
Is 68729 a composite number?
False
Is 1096883 composite?
False
Is 13087 prime?
False
Is 135611 a prime number?
False
Is 44101 prime?
True
Is 26791 composite?
True
Is 21763 prime?
False
Is 6197 a composite number?
False
Is 460669 composite?
True
Is 22027 prime?
True
Is 824311 composite?
True
Is 28637 composite?
True
Is 104933 prime?
True
Is 94 a composite number?
True
Is 60113 a prime number?
False
Is 17551 a composite number?
False
Is 1191 prime?
False
Is 12031 composite?
True
Is 10559 a prime number?
True
Is 2110099 a prime number?
True
Is 24845 prime?
False
Is 21349 a prime number?
False
Is 486779 a composite number?
True
Is 1658867 a prime number?
False
Is 56461 a composite number?
True
Is 643291 prime?
False
Is 37423 a composite number?
False
Is 227917 a prime number?
False
Is 207541 prime?
True
Is 88843 prime?
True
Is 3791 a composite number?
True
Is 24994 a prime number?
False
Is 1637 a composite number?
False
Is 1083871 a composite number?
False
Is 79321 prime?
False
Is 413183 composite?
False
Is 356803 composite?
False
Is 1079731 prime?
False
Is 50111 a prime number?
True
Is 5911 a composite number?
True
Is 384998 a composite number?
True
Is 35951 composite?
False
Is 2123027 prime?
True
Is 7801 a composite number?
True
Is 618505 a prime number?
False
Is 432563 a prime number?
False
Is 14797 a composite number?
False
Is 44471 composite?
True
Is 14439 a composite number?
True
Is 18859 a prime number?
True
Is 55753 a composite number?
True
Is 908437 a prime number?
False
Is 143779 composite?
False
Is 3899 prime?
False
Is 20849 a prime number?
True
Is 94087 prime?
False
Is 202